{"id":273,"date":"2023-11-12T21:36:46","date_gmt":"2023-11-12T21:36:46","guid":{"rendered":"https:\/\/www.osmth-rozazivljenja.si\/index.php\/document-library\/"},"modified":"2023-11-16T19:38:09","modified_gmt":"2023-11-16T19:38:09","slug":"document-library","status":"publish","type":"page","link":"https:\/\/www.osmth-rozazivljenja.si\/index.php\/document-library\/","title":{"rendered":"DELA \u010cLANOV"},"content":{"rendered":"\t\t<input type=\"hidden\" name=\"category-search-7007660079976b647ff10486a633eb91b8\" value=\"\" class=\"category-search-7007660079976b647ff10486a633eb91b8\">\n\t\t<table id=\"7007660079976b647ff10486a633eb91b8\" class=\"document-library-table\" data-page-length=\"20\" data-paging=\"false\" data-click-filter=\"true\" data-scroll-offset=\"15\" cellspacing=\"0\" width=\"100%\">\n\t\t\t<thead><tr><th data-name=\"title\" data-priority=\"1\" data-width=\"\" data-orderable=\"true\">Title<\/th><th data-name=\"content\" data-priority=\"5\" data-width=\"\" data-orderable=\"true\">Content<\/th><th data-name=\"image\" data-priority=\"6\" data-width=\"\" data-orderable=\"false\">Image<\/th><th data-name=\"date\" data-priority=\"2\" data-width=\"\" data-orderable=\"true\">Date<\/th><th data-name=\"doc_categories\" data-priority=\"7\" data-width=\"\" data-orderable=\"true\">Categories<\/th><th data-name=\"link\" data-priority=\"4\" data-width=\"\" data-orderable=\"false\">Link<\/th><\/tr><\/thead>\t\t\t<tbody>\n\t\t\t\t<tr><td>Me\u010devanje v 21. stoletju &#8211; Uro\u0161 Klaus<\/td><td>Ve\u0161\u010dina bojevanja z neke vrste me\u010dem obstaja dobesedno \u017ee tiso\u010dletja. Me\u010d je skozi vsa ta &hellip;<\/td><td><a class=\"dlw-lightbox\" href=\"https:\/\/www.osmth-rozazivljenja.si\/wp-content\/uploads\/2023\/01\/pattee.png\"><img loading=\"lazy\" decoding=\"async\" width=\"150\" height=\"150\" src=\"https:\/\/www.osmth-rozazivljenja.si\/wp-content\/uploads\/2023\/01\/pattee-150x150.png\" class=\"\" alt=\"Me\u010devanje v 21. stoletju - Uro\u0161 Klaus\" title=\"pattee\" data-caption=\"Me\u010devanje v 21. stoletju - Uro\u0161 Klaus\" data-src=\"https:\/\/www.osmth-rozazivljenja.si\/wp-content\/uploads\/2023\/01\/pattee.png\" data-large_image=\"https:\/\/www.osmth-rozazivljenja.si\/wp-content\/uploads\/2023\/01\/pattee.png\" data-large_image_width=\"220\" data-large_image_height=\"174\" \/><\/a><\/td><td>2023\/11\/12<\/td><td><\/td><td><a href=\"https:\/\/www.osmth-rozazivljenja.si\/wp-content\/uploads\/2023\/11\/Mecevanje-v-21.-stoletju_Uros-Klaus.pdf\" class=\"dll-download-button document-library-button button btn\"  download=\"Mecevanje-v-21.-stoletju_Uros-Klaus.pdf\" type=\"application\/pdf\">Prenesi<\/a><\/td><\/tr>\t\t\t<\/tbody>\n\t\t<\/table>\n\t\t\n","protected":false},"excerpt":{"rendered":"<div class=\"link-more\"><a href=\"https:\/\/www.osmth-rozazivljenja.si\/index.php\/document-library\/\" class=\"more-link\">Continue reading<span class=\"screen-reader-text\"> &ldquo;DELA \u010cLANOV&rdquo;<\/span>&hellip;<\/a><\/div>\n","protected":false},"author":1,"featured_media":0,"parent":0,"menu_order":0,"comment_status":"closed","ping_status":"closed","template":"","meta":{"_acf_changed":false,"footnotes":""},"class_list":["post-273","page","type-page","status-publish","hentry","entry"],"acf":[],"jetpack_sharing_enabled":true,"_links":{"self":[{"href":"https:\/\/www.osmth-rozazivljenja.si\/index.php\/wp-json\/wp\/v2\/pages\/273","targetHints":{"allow":["GET"]}}],"collection":[{"href":"https:\/\/www.osmth-rozazivljenja.si\/index.php\/wp-json\/wp\/v2\/pages"}],"about":[{"href":"https:\/\/www.osmth-rozazivljenja.si\/index.php\/wp-json\/wp\/v2\/types\/page"}],"author":[{"embeddable":true,"href":"https:\/\/www.osmth-rozazivljenja.si\/index.php\/wp-json\/wp\/v2\/users\/1"}],"replies":[{"embeddable":true,"href":"https:\/\/www.osmth-rozazivljenja.si\/index.php\/wp-json\/wp\/v2\/comments?post=273"}],"version-history":[{"count":2,"href":"https:\/\/www.osmth-rozazivljenja.si\/index.php\/wp-json\/wp\/v2\/pages\/273\/revisions"}],"predecessor-version":[{"id":295,"href":"https:\/\/www.osmth-rozazivljenja.si\/index.php\/wp-json\/wp\/v2\/pages\/273\/revisions\/295"}],"wp:attachment":[{"href":"https:\/\/www.osmth-rozazivljenja.si\/index.php\/wp-json\/wp\/v2\/media?parent=273"}],"curies":[{"name":"wp","href":"https:\/\/api.w.org\/{rel}","templated":true}]}}